{"id":507,"date":"2019-07-15T21:21:01","date_gmt":"2019-07-15T21:21:01","guid":{"rendered":"https:\/\/antoniushof-lorbach.de\/?page_id=507"},"modified":"2022-10-24T16:26:54","modified_gmt":"2022-10-24T16:26:54","slug":"ueber-uns","status":"publish","type":"page","link":"https:\/\/antoniushof-lorbach.de\/?page_id=507","title":{"rendered":"\u00dcber uns"},"content":{"rendered":"<p><!-- epsilon\/about --><br \/>\n<img decoding=\"async\" src=\"https:\/\/antoniushof-lorbach.de\/wp-content\/uploads\/2019\/11\/Wilkommen-auf-dem-Antoniushof-1-scaled.jpg\" \/><\/p>\n<h2><b>Unsere Geschichte<\/b><\/h2>\n<h5>Der Antoniushof wurde im Jahr 1957 errichtet.  Aufgrund einer gro\u00dfen Familie und eines bereits bestehenden  Betriebes wurde entschieden, zur Sicherung des Familieneinkommens den Landwirtschaftlichen Betrieb zu vergr\u00f6\u00dfern. Da der Hof allerdings Mitten im Dorf lag, musste hierzu ausgesiedelt werden. Die bestehende Hofstelle wurde verkauft und eine neue Hofstelle mit Wohnhaus ca. 300 Meter vom Dorfrand  entfernt errichtet. Im neuen Wohnhaus fand eine 9-k\u00f6pfige Familie Platz. Im Stall wurden 2 Pferde, 27 K\u00fche, 800 Legehennen, 3 Zuchtsauen und 10 Mastschweine gehalten. Als im Jahr 1976 Familienoberhaupt  Anton Dahmen verstarb, \u00fcbernahm sein Sohn  Jakob Dahmen den Hof. Dieser f\u00fchrte den Betrieb weg von den Produktionszweigen Legehennen und  Mastschweinen hin zur Spezialisierung in Richtung Milcherzeugung und Vermarktung von Zuchttieren. So wurde die Anzahl der K\u00fche von anf\u00e4nglich 27 bis zum Jahr 1989 auf 55 aufgestockt. Au\u00dferdem wurde die j\u00e4hrliche Michproduktion von anf\u00e4nglich 11.500 Liter auf rund 35.0000 Liter mehr als verdreifacht. Der aktuelle Betriebsleiter Helmut Dahmen schloss im Jahr 1990 die h\u00f6here Landbauschule in D\u00fcren ab. Vater Jakob und Sohn Helmut entschlossen sich zum n\u00e4chsten Entwicklungsschritt &#8211; dem Neubau eines Boxenlaufstalles mit Unterkellerung und integriertem Doppel-Vierer-Fischgr\u00e4tenmelkstand.  Der Boxenlaufstall sollte Platz finden f\u00fcr 55 K\u00fche plus Nachzucht. In den Folgejahren wurde der alte Anbindestall zur Jungviehaufzucht umgebaut. So wurden im Jahr 1992 bereits 90 K\u00fche plus Nachzucht gehalten. Die Produktion wurde so bis 1992 verdoppelt. In den darauffolgenden Jahren wurde aufgrund der hohen Arbeitsintensit\u00e4t die Au\u00dfenwirtschaft ausgelagert.  Im Jahr 2002 wurde an den Stall von 1990 angebaut, sodass 42 Kuhpl\u00e4tze dazu kamen. Der Doppel-Vierer-Fischgr\u00e4tenmelkstand wurde zum  Doppel-Sechser erweitert. 2009 konnte zus\u00e4tzlich der direkte Nachbarbetrieb gepachtet werden. Dessen Stallungen wurden zur Jungvieh-Aufzucht umgenutzt. Die eigenen Jungviehstallungen wurden folglich wieder zur Milchkuhhaltung umgebaut, sodass nach der Pachtung 167 K\u00fche und entsprechende Nachzucht von 134 Tieren Platz fanden. Die Milchproduktion stieg in diesem Zeitraum auf 1.400.000 Liter an. Im November 2016 wurde ein Stallneubau inklusive integriertem Melkzentrum (ein 44-Au\u00dfenmelker-Karussell) planbefestigt und f\u00fcr 420 K\u00fche Platz fertiggestellt. Die Umsetzung begann 2015 mit der Schaffung einer neuen Betriebsform, als Vater Sohn GbR mit Helmut und Lukas Dahmen.<\/h5>\n<p><\/br><br \/>\nZur Startseite<\/p>\n<div class=\"responsive-video-container\">\n<blockquote class=\"wp-embedded-content\" data-secret=\"iyISnsZIiu\"><p><a href=\"https:\/\/antoniushof-lorbach.de\/\">Homepage<\/a><\/p><\/blockquote>\n<p><iframe loading=\"lazy\" class=\"wp-embedded-content\" sandbox=\"allow-scripts\" security=\"restricted\" style=\"position: absolute; clip: rect(1px, 1px, 1px, 1px);\" title=\"&#8222;Homepage&#8220; &#8212; \" src=\"https:\/\/antoniushof-lorbach.de\/?embed=true#?secret=8chB2iA6dC#?secret=iyISnsZIiu\" data-secret=\"iyISnsZIiu\" width=\"600\" height=\"338\" frameborder=\"0\" marginwidth=\"0\" marginheight=\"0\" scrolling=\"no\"><\/iframe><\/div>\n<p><!-- \/epsilon\/about --><\/p>\n","protected":false},"excerpt":{"rendered":"<p>Unsere Geschichte Der Antoniushof wurde im Jahr 1957 errichtet. Aufgrund einer gro\u00dfen Familie und eines bereits bestehenden Betriebes wurde entschieden, zur Sicherung des Familieneinkommens den Landwirtschaftlichen Betrieb zu vergr\u00f6\u00dfern. Da der Hof allerdings Mitten im Dorf lag, musste hierzu ausgesiedelt werden. Die bestehende Hofstelle wurde verkauft und eine neue Hofstelle mit Wohnhaus ca. 300 Meter [&hellip;]<\/p>\n","protected":false},"author":1,"featured_media":0,"parent":0,"menu_order":0,"comment_status":"closed","ping_status":"closed","template":"","meta":{"footnotes":""},"class_list":["post-507","page","type-page","status-publish","hentry"],"_links":{"self":[{"href":"https:\/\/antoniushof-lorbach.de\/index.php?rest_route=\/wp\/v2\/pages\/507","targetHints":{"allow":["GET"]}}],"collection":[{"href":"https:\/\/antoniushof-lorbach.de\/index.php?rest_route=\/wp\/v2\/pages"}],"about":[{"href":"https:\/\/antoniushof-lorbach.de\/index.php?rest_route=\/wp\/v2\/types\/page"}],"author":[{"embeddable":true,"href":"https:\/\/antoniushof-lorbach.de\/index.php?rest_route=\/wp\/v2\/users\/1"}],"replies":[{"embeddable":true,"href":"https:\/\/antoniushof-lorbach.de\/index.php?rest_route=%2Fwp%2Fv2%2Fcomments&post=507"}],"version-history":[{"count":14,"href":"https:\/\/antoniushof-lorbach.de\/index.php?rest_route=\/wp\/v2\/pages\/507\/revisions"}],"predecessor-version":[{"id":684,"href":"https:\/\/antoniushof-lorbach.de\/index.php?rest_route=\/wp\/v2\/pages\/507\/revisions\/684"}],"wp:attachment":[{"href":"https:\/\/antoniushof-lorbach.de\/index.php?rest_route=%2Fwp%2Fv2%2Fmedia&parent=507"}],"curies":[{"name":"wp","href":"https:\/\/api.w.org\/{rel}","templated":true}]}}