{"id":306,"date":"2019-03-23T22:12:22","date_gmt":"2019-03-23T22:12:22","guid":{"rendered":"http:\/\/antoniushof-lorbach.de\/?page_id=306"},"modified":"2022-10-24T16:26:54","modified_gmt":"2022-10-24T16:26:54","slug":"homepage","status":"publish","type":"page","link":"https:\/\/antoniushof-lorbach.de\/","title":{"rendered":"Homepage"},"content":{"rendered":"<p><!-- epsilon\/advanced-slider --><br \/>\n<!-- epsilon\/Slides --><br \/>\n<b>Willkommen auf dem Antoniushof!<\/b><\/p>\n<p>56<br \/>\n16<br \/>\n100<br \/>\ncenter<br \/>\nalignmiddle<br \/>\n<img decoding=\"async\" src=\"https:\/\/antoniushof-lorbach.de\/wp-content\/uploads\/2019\/11\/Wilkommen-auf-dem-Antoniushof-1-1600x600.jpg\" \/><br \/>\nErfahre mehr \u00fcber uns<\/p>\n<div class=\"responsive-video-container\">\n<blockquote class=\"wp-embedded-content\" data-secret=\"cupQ4D8FGJ\"><p><a href=\"https:\/\/antoniushof-lorbach.de\/?page_id=507\">\u00dcber uns<\/a><\/p><\/blockquote>\n<p><iframe loading=\"lazy\" class=\"wp-embedded-content\" sandbox=\"allow-scripts\" security=\"restricted\" style=\"position: absolute; clip: rect(1px, 1px, 1px, 1px);\" title=\"&#8222;\u00dcber uns&#8220; &#8212; \" src=\"https:\/\/antoniushof-lorbach.de\/?page_id=507&#038;embed=true#?secret=TyfKrDRz9p#?secret=cupQ4D8FGJ\" data-secret=\"cupQ4D8FGJ\" width=\"600\" height=\"338\" frameborder=\"0\" marginwidth=\"0\" marginheight=\"0\" scrolling=\"no\"><\/iframe><\/div>\n<p>#<br \/>\n<!-- \/epsilon\/Slides--><br \/>\n<!-- \/epsilon\/advanced-slider --><\/p>\n<p><!-- epsilon\/portfolio --><br \/>\n{&#8222;top&#8220;:&#8220;0&#8243;,&#8220;right&#8220;:&#8220;0&#8243;,&#8220;bottom&#8220;:&#8220;0&#8243;,&#8220;left&#8220;:&#8220;0&#8243;,&#8220;unit&#8220;:&#8220;px&#8220;}<br \/>\n{&#8222;top&#8220;:&#8220;0&#8243;,&#8220;right&#8220;:&#8220;0&#8243;,&#8220;bottom&#8220;:&#8220;0&#8243;,&#8220;left&#8220;:&#8220;0&#8243;,&#8220;unit&#8220;:&#8220;rem&#8220;}<br \/>\n<!-- epsilon\/portum_portfolio --><br \/>\n<!-- epsilon\/Portfolio Items--><\/p>\n<h4 class=\"portfolio-title\"><a href=\"https:\/\/antoniushof-lorbach.de\/?page_id=479\"><b>Milch &#038; K\u00fche<\/b><\/a><\/h4>\n<p><img decoding=\"async\" src=\"https:\/\/antoniushof-lorbach.de\/wp-content\/uploads\/2019\/11\/Milch-und-K\u00fche-400x450.jpg\" \/><\/p>\n<div class=\"portfolio-description\"><a href=\"https:\/\/antoniushof-lorbach.de\/?page_id=479\">Erfahre mehr \u00fcber unsere K\u00fche und unsere Milch<\/a><\/div>\n<p><!-- \/epsilon\/Portfolio Items--><br \/>\n<!-- epsilon\/Portfolio Items--><\/p>\n<h4 class=\"portfolio-title\"><a href=\"https:\/\/antoniushof-lorbach.de\/?page_id=509\"><b>Erneuerbare Energien<\/b><\/a><\/h4>\n<p><img decoding=\"async\" src=\"https:\/\/antoniushof-lorbach.de\/wp-content\/uploads\/2019\/11\/Erneuerbare-Energien-400x450.jpg\" \/><\/p>\n<div class=\"portfolio-description\">Erfahre mehr \u00fcber unsere erneuerbaren Energien<\/div>\n<p><!-- \/epsilon\/Portfolio Items--><br \/>\n<!-- epsilon\/Portfolio Items--><\/p>\n<h4 class=\"portfolio-title\"><a href=\"https:\/\/antoniushof-lorbach.de\/?page_id=508\"><b>Aktionen &#038; Veranstaltungen<\/b><\/a><\/h4>\n<p><img decoding=\"async\" src=\"https:\/\/antoniushof-lorbach.de\/wp-content\/uploads\/2019\/11\/20180818_141021-400x450.jpg\" \/><\/p>\n<div class=\"portfolio-description\">Erfahre mehr \u00fcber uns und unsere Aktionen<\/div>\n<p><!-- \/epsilon\/Portfolio Items--><br \/>\n<!-- epsilon\/Portfolio Items--><\/p>\n<h4 class=\"portfolio-title\"><a href=\"https:\/\/antoniushof-lorbach.de\/?page_id=510\"><b>Ausbildung &#038; Jobs<\/b><\/a><\/h4>\n<p><img decoding=\"async\" src=\"https:\/\/antoniushof-lorbach.de\/wp-content\/uploads\/2019\/11\/Jobs-Ausbildung-400x450.jpg\" \/><\/p>\n<div class=\"portfolio-description\">Erfahre mehr \u00fcber unsere Arbeit und unsere aktuellen Stellenangebote<\/div>\n<p><!-- \/epsilon\/Portfolio Items--><br \/>\n<!-- \/epsilon\/portum_portfolio --><br \/>\n<!-- \/epsilon\/portfolio --><\/p>\n","protected":false},"excerpt":{"rendered":"<p>Willkommen auf dem Antoniushof! 56 16 100 center alignmiddle Erfahre mehr \u00fcber uns \u00dcber uns # {&#8222;top&#8220;:&#8220;0&#8243;,&#8220;right&#8220;:&#8220;0&#8243;,&#8220;bottom&#8220;:&#8220;0&#8243;,&#8220;left&#8220;:&#8220;0&#8243;,&#8220;unit&#8220;:&#8220;px&#8220;} {&#8222;top&#8220;:&#8220;0&#8243;,&#8220;right&#8220;:&#8220;0&#8243;,&#8220;bottom&#8220;:&#8220;0&#8243;,&#8220;left&#8220;:&#8220;0&#8243;,&#8220;unit&#8220;:&#8220;rem&#8220;} Milch &#038; K\u00fche Erfahre mehr \u00fcber unsere K\u00fche und unsere Milch Erneuerbare Energien Erfahre mehr \u00fcber unsere erneuerbaren Energien Aktionen &#038; Veranstaltungen Erfahre mehr \u00fcber uns und unsere Aktionen Ausbildung &#038; Jobs Erfahre mehr \u00fcber unsere Arbeit [&hellip;]<\/p>\n","protected":false},"author":1,"featured_media":0,"parent":0,"menu_order":0,"comment_status":"closed","ping_status":"closed","template":"","meta":{"footnotes":""},"class_list":["post-306","page","type-page","status-publish","hentry"],"_links":{"self":[{"href":"https:\/\/antoniushof-lorbach.de\/index.php?rest_route=\/wp\/v2\/pages\/306","targetHints":{"allow":["GET"]}}],"collection":[{"href":"https:\/\/antoniushof-lorbach.de\/index.php?rest_route=\/wp\/v2\/pages"}],"about":[{"href":"https:\/\/antoniushof-lorbach.de\/index.php?rest_route=\/wp\/v2\/types\/page"}],"author":[{"embeddable":true,"href":"https:\/\/antoniushof-lorbach.de\/index.php?rest_route=\/wp\/v2\/users\/1"}],"replies":[{"embeddable":true,"href":"https:\/\/antoniushof-lorbach.de\/index.php?rest_route=%2Fwp%2Fv2%2Fcomments&post=306"}],"version-history":[{"count":44,"href":"https:\/\/antoniushof-lorbach.de\/index.php?rest_route=\/wp\/v2\/pages\/306\/revisions"}],"predecessor-version":[{"id":690,"href":"https:\/\/antoniushof-lorbach.de\/index.php?rest_route=\/wp\/v2\/pages\/306\/revisions\/690"}],"wp:attachment":[{"href":"https:\/\/antoniushof-lorbach.de\/index.php?rest_route=%2Fwp%2Fv2%2Fmedia&parent=306"}],"curies":[{"name":"wp","href":"https:\/\/api.w.org\/{rel}","templated":true}]}}